 -f**2 - 7*f + 3. Let d(p) = -p**3 + 2*p - 3. Let a be d(2). Let q be c(a). Suppose 1 + 3 = -4*z, 5*l = -q*z + 47. What is the units digit of l?
0
Suppose 0 = 2*p + 2*z - 96, -z + 150 = -p + 4*p. Let y = p + -9. What is the tens digit of y?
4
Suppose k - 22 = -0*k. Suppose -5*t = 4*x - t + 8, 3*x = 4*t + k. What is the units digit of x?
2
Let v = 59 + -40. What is the tens digit of v?
1
Suppose -4*k - k + 3 = -3*z, 0 = k + 5*z + 5. Suppose -y + 0 + 3 = k. What is the units digit of y?
3
Let f be (-8)/3*(-6)/(-4). Let h = -3 - f. What is the units digit of 0 - (-1 - (9 - h))?
9
Suppose 5*x + 25 = 0, 2*x = -3*l + 8 - 3. Suppose 2*i - 26 = -2*n, 9 = -0*n - 2*n + l*i. What is the units digit of n?
8
What is the units digit of (-7 + -3)*14/(-4)?
5
Suppose 5*l = -0*l + 3*d + 305, -2*d - 10 = 0. What is the tens digit of l?
5
Let d(r) = r**2 - 4*r + 4. Let y be -5*(-2 - (1 - 2)). What is the units digit of d(y)?
9
Let o = 10 - 6. Suppose 3*v = -4*c + 26 + 58, -o*c = -v - 100. Suppose 0 = -2*n - 0*n + c. What is the units digit of n?
2
Let j be (2/8)/(4/48). Suppose j*r - 96 = -2*t - 3*t, 3*t - 50 = 2*r. What is the units digit of t?
8
Suppose 4*k - 2*p = 62, -5*k - 3*p + 8*p = -90. What is the units digit of k?
3
Suppose -p + 5*p + 16 = 0. Let c = p + 8. Suppose -i - 45 = -c*i. What is the units digit of i?
5
Let k(m) = -m + 9. Let o be k(15). Let s(r) = -6*r - 3. Let p be s(-2). Let j = o + p. What is the units digit of j?
3
Let o be (5/2)/((-1)/(-2)). What is the units digit of (-6)/o*120/(-18)?
8
Suppose x = -2*x - 3*b + 270, -264 = -3*x - 5*b. What is the tens digit of x?
9
Let w(k) = k**3 - 3*k**2 + k + 1. Let v be w(4). Suppose -h = -2*h + v. Suppose 1 - h = -4*o. What is the units digit of o?
5
Let i = -40 + 43. Suppose -2*x - 5*q = -28, q + q = 2*x. Suppose -2*y = i*o + 2, -y - x*o + 9*o + 12 = 0. What is the units digit of y?
2
Suppose 5*x = 23 + 27. What is the tens digit of x?
1
Suppose 0*x - 2*x = -12. Let q = 10 - x. What is the units digit of q?
4
Let i be (-1 - -171) + 4/4. Suppose -41 = 5*p - i. Suppose -2*h = -p - 2. What is the units digit of h?
4
Let s(z) = z**2 - 5*z - 3. Let w be s(5). Let j(v) = -4*v - 6. What is the units digit of j(w)?
6
Suppose 2 = b + 7. Let d = 9 + b. Suppose -d*z - z = -40. What is the units digit of z?
8
Let s(z) = -z**2 + 301. What is the units digit of s(0)?
1
Suppose 0 = 3*y - 32 - 55. What is the units digit of y?
9
Let q = 5 + -5. Suppose -5*r + 5*s = -80, q = 5*s - 17 + 2. What is the units digit of r?
9
Suppose -1 = 2*m + 1. Let y = 5 + m. Suppose 2*x = -t + 29, y*x + 0*t - 73 = t. What is the units digit of x?
7
Suppose -4*s - 25 = -9*s. Suppose d + 5 = 3*z + 5*d, 0 = -5*z - s*d + 15. Suppose 3*k = z*k - 32. What is the units digit of k?
8
Suppose -2*p + 3 = -3*p. What is the tens digit of p/6 - (-309)/6?
5
Let z be (-10)/(1*(-3)/12). Let f = z + -27. What is the tens digit of f?
1
Suppose -5*l + 294 = -2*l. What is the tens digit of l?
9
Let p = -8 - -6. Let a(r) = 6*r + 1. Let i be a(-1). Let m = p - i. What is the units digit of m?
3
Let r = -523 - -783. What is the tens digit of r?
6
Let q = 0 + -1. What is the units digit of q + (1 - -1) + 0?
1
Suppose 0 = q - 2*z - 12, 4*z = q + 1 - 7. What is the units digit of q?
8
Suppose 2*v - 152 - 60 = 0. What is the units digit of v?
6
Suppose -g + h = -5*g + 504, 3*g = -h + 378. What is the units digit of g?
6
What is the hundreds digit of (2*195/(-24))/(1/(-8))?
1
Let g(i) = -33*i**2 + 8*i - 6. Let b(s) = -33*s**2 + 7*s - 5. Let k(l) = -7*b(l) + 6*g(l). What is the tens digit of k(-1)?
3
Let r = -33 - -65. What is the units digit of r?
2
Suppose 0 = 16*d - 21*d + 450. What is the tens digit of d?
9
Suppose -3*c + 5 = -1. Let y = c - -6. What is the units digit of y?
8
Suppose 3*y + 5 = -p - y, 12 = 2*p - 3*y. Let a be (-6)/(-15) + 116/10. Suppose -5*r = -a - p. What is the units digit of r?
3
Suppose 5*a - 1150 = -4*b, -a + 2*b - 914 = -5*a. What is the units digit of a?
6
Let a(y) = -y**3 + 5*y**2 - 2*y - 4. Let i be a(4). Suppose 15 = k - 4*p + 5, 0 = i*k - 3*p - 14. Suppose 0 = k*v - 0*v - 10. What is the units digit of v?
5
Let h(g) = g**3 + 10*g**2 - 13*g - 9. Let v = -3 - 8. What is the units digit of h(v)?
3
Suppose 0*m + 2*m = 0. Suppose m = -5*y + y + 12. Suppose y = 4*q - 37. What is the units digit of q?
0
Suppose 0 = p - 8*p + 364. What is the units digit of p?
2
Suppose 5*d - 4*n - 27 = 0, d - 2*n - 3 = -0. What is the units digit of d?
7
Let m(w) = w**2 + 4*w - 46. What is the units digit of m(-13)?
1
Suppose 2*g = 38 + 22. Suppose -4*u + u = -g. What is the tens digit of u?
1
Suppose 5 - 30 = 5*n. Let k(s) = -3*s + 6. What is the tens digit of k(n)?
2
Let r(x) = -x**2 - 2*x. Let d be r(-2). Suppose 1 = -2*k - m, -5*k + d*k + 3*m + 25 = 0. Suppose -w + 2 = 0, -k*w = -v - 0*v - 1. What is the units digit of v?
3
Let r(q) = q**2. Let p be r(-1). Suppose 5*v = 2*v - 12. What is the units digit of (0 - p)/(v/24)?
6
Let t(a) be the third derivative of -a**4/12 - a**3/6 - 6*a**2. What is the units digit of t(-5)?
9
Let y be (4/3)/(10/(-165)). Let u = -11 - y. What is the tens digit of u?
1
Suppose -3*j - 94 + 250 = 0. What is the tens digit of j?
5
Let c = -83 + 93. Let m(a) = -4*a. Let h be m(-1). Suppose 0 = -h*w - w + c. What is the units digit of w?
2
Suppose 3*g = -55 + 265. What is the tens digit of g?
7
Suppose 179 = 4*r + 5*q + 22, -3*r = -5*q - 109. What is the units digit of r?
8
Suppose -2*m + 44 = -2*z, -m + 8 = -4*z - 2. What is the tens digit of m?
2
What is the units digit of 4/6 + (-64)/(-3)?
2
What is the units digit of (-3)/5 - 346/(-10)?
4
Let s = -23 + 52. What is the tens digit of s?
2
Let y be -3*(2/(-3))/2. Suppose 0 = -i + 3 + y. What is the units digit of i?
4
Let v(f) = -4*f. Let b be v(-2). Let u = b + -5. What is the units digit of u?
3
Suppose -o + 0*o + 4 = 0. Suppose -3*p - 1 = -o. What is the units digit of p?
1
Let y(k) = 13*k**3 - 14*k**3 - 3*k + 5 + 4*k. Let p be 0/1 - (1 + -1). What is the units digit of y(p)?
5
Let b be (1 - (2 - 0)) + 2. What is the tens digit of (-13)/((-1 - 1) + b)?
1
Let i = -632 - -903. What is the tens digit of i/7 - (-4)/14?
3
Let w(s) = -5*s**2 - 14*s - 12. Let m(t) = 2*t**2 + 7*t + 6. Let g(i) = -7*m(i) - 3*w(i). Let r be g(7). What is the units digit of 6/(-5)*45/r?
9
Suppose -d + 10 + 7 = 0. Let k = d + -12. Suppose 0 = k*o + 3*i - 67, -i - 2 = i. What is the units digit of o?
4
Let z(h) = -5*h - 12. What is the tens digit of z(-5)?
1
What is the units digit of (-1)/((-584)/(-196) + -3)?
9
What is the tens digit of 2 - 3 - -14*6?
8
Suppose -32 = -3*m + 88. What is the units digit of m?
0
Let v = -4 - -9. Let h = v + -4. What is the units digit of h + 5 - (-1)/(-1)?
5
Let h(x) = 4*x**2 - 22*x + 3. Let f(n) = -n**2 + 7*n - 1. Let p(j) = 7*f(j) + 2*h(j). Let m be p(-5). What is the units digit of 3*(m + 1 + 1)?
3
Let y(c) = -c**3 + c**2 - c + 294. What is the hundreds digit of y(0)?
2
Let l be 2 + 3/(-2 - -5). Let t = l + 8. What is the units digit of t?
1
Let p(t) = t**2 - 10*t + 13. Let m be p(9). What is the units digit of (-3 - (-108)/m) + 3?
7
Let q(m) = m**2 + 4*m - 10. Let f(y) = 2*y + 5. Let c be f(-7). What is the tens digit of q(c)?
3
Let r(y) = -4*y - 22. Let m(u) = -3*u - 15. Let v(a) = 7*m(a) - 5*r(a). Let l be v(5). Suppose -o + l + 2 = 0. What is the units digit of o?
2
Let d(q) = q**2 + 8*q + 13. What is the tens digit of d(-9)?
2
Suppose 407 - 112 = 5*i. What is the units digit of i?
9
Let q(g) = -g**3 + 17*g**2 + 20*g + 25. What is the tens digit of q(18)?
6
Let k = 5 + -3. Suppose -4*z = -k*z + 14. Let t(n) = -n. What is the units digit of t(z)?
7
Let r(h) = h**2 - 3*h - 4. Let t be r(5). Let d be (-1)/(8/t - 1). Let j = 2 - d. What is the units digit of j?
5
Let n be (-8)/4 - (2 + -6). Suppose 3*g - n*p - 12 = 12, 4*g - 32 = 4*p. What is the units digit of g?
8
What is the tens digit of 3 - (6 - 4) - -15?
1
What is the units digit of (2/3)/(2/69)?
3
Let b = -179 + 385. What is the units digit of b?
6
Let l = 24 + -9. Let b be (-17)/85 + 26/5. Suppose b = 4*q - l. What is the units digit of q?
5
Suppose -v - 30 = 2*v. Let t be (v/(-2) + -3)*-2. Let d = t + 18. What is the tens digit of d?
1
Suppose -5*a = 4*z - 3*z - 4, z = 2*a + 25. Let c = z - 7. What is 